 j**3/3 - j**2/2 + j - 4. Calculate q(1).
-7
Let x(h) = -h**3 + h - 1. Let d(w) = 14*w**2 - w + 1. Let a be d(1). Let m be (40/a)/((-6)/(-21)). Suppose m = 3*q - 8*q. Calculate x(q).
5
Let m(x) = -x + 4 + x**2 - 3 - 5*x**3 + 0. Let t be (0 - 0)/(4 - 2). Suppose t = -5*b - 15, r - 3*b - 12 = -2. Calculate m(r).
-4
Let u = 2 + -7. Let p(k) be the first derivative of -k**2/2 - 3*k - 24. Calculate p(u).
2
Let a(k) = -5*k**2 - 3*k + 2. Let r(t) = -10*t**2 - 7*t + 5. Let y(f) = 5*a(f) - 2*r(f). Give y(1).
-6
Let v = -2 - -7. Suppose 2*y + 29 = 4*y + v*j, 0 = 2*j - 10. Let n(b) = -b + y + 2 + 3*b - 2. Determine n(2).
6
Let v(h) = -h + 1. Let g be v(0). Let u(a) be the first derivative of 0*a**2 + 0*a - 1/3*a**3 - 6 + 2*a**4. Calculate u(g).
7
Suppose 0 = 58*c - 61*c - 15. Let z(m) = m**2 + 3*m + 1. Calculate z(c).
11
Let t(m) be the second derivative of 3/2*m**2 + 1/6*m**3 - 7*m + 0. Give t(3).
6
Let u(k) = 3*k. Let m be u(2). Let g be 3/9 - (-4)/m. Let a(j) = j + g + 2*j + 2*j. Calculate a(-2).
-9
Let v = 0 + -2. Let j = -1 - v. Let f(n) = -10*n**2 + 2*n - 1. Calculate f(j).
-9
Let p(w) = -3*w**2 - 11*w - 12. Let g(c) = 4*c**2 + 12*c + 13. Let f(s) = -4*g(s) - 5*p(s). What is f(9)?
-10
Let y = -21 - -12. Let o(x) = -3*x**3 + 2*x**2 + 2. Let i(j) = 13*j**3 - 9*j**2 - 7. Let b(l) = y*o(l) - 2*i(l). What is b(0)?
-4
Let c(l) = -6*l**3 + 5*l**2 - l + 6. Suppose -3*w + 8*w = -j - 5, w = -5*j + 23. Let b(f) = -f**3 + f. Let q(y) = j*b(y) - c(y). Calculate q(4).
2
Let r(w) be the first derivative of -w**4/4 + 5*w**3/3 + w**2 + 6*w - 10. What is r(5)?
16
Let g(t) = t**3 - 4*t**2 + t + 1. Let x be 170/25*(-5)/(-1). Let k = x + -14. Suppose -4*i + k = i. Calculate g(i).
5
Let g be (16/(-6))/(2/(-6)). Let b be (2/(-3))/(g/(-60)). Let o(l) be the third derivative of l**6/120 - l**5/10 + 7*l**4/24 - 5*l**3/6 + l**2. Give o(b).
5
Let d(z) = -3*z + 1. Let k(h) = -2*h + 1. Let j(w) = 3*d(w) - 2*k(w). Calculate j(2).
-9
Let n(u) = -u**2. Let y be 1*4*(-15)/(-12). Suppose 2*g = -4*c - 1 + y, -2*g + 5 = 3*c. Suppose -g*o + 5*o + v = 0, -o = -v. Determine n(o).
0
Suppose 4*p + 4*l = -0*l + 16, 5*p - l - 32 = 0. Let k(v) = v**3 - 7*v**2 + 6*v - 8. Determine k(p).
-8
Suppose 15 + 24 = -13*m. Let t(r) = -r**2 + 4*r. Determine t(m).
-21
Let u(y) = y**3 - 7*y**2 + 5*y + 7. Let p be u(6). Let n(f) = -10 + 2*f**2 + f**3 - 7*f + 3*f**2 + p. What is n(-6)?
-3
Let k(p) = -4*p**3 + 2*p**2 + 5. Let v(f) = 3*f**3 - 3*f**2 - 6. Let b(j) = 5*k(j) + 4*v(j). Calculate b(-1).
7
Let l(q) be the second derivative of -1/20*q**5 + 9*q - 1/3*q**4 - 5/2*q**2 + 0 + 1/6*q**3. What is l(-4)?
-9
Let c(u) = -2*u**2 + 19*u - 13. Let o(f) = 3*f**2 - 28*f + 19. Let q(z) = 7*c(z) + 5*o(z). Give q(6).
-2
Let q(l) = -6*l + 10. Let m(v) = v - 1. Let c(j) = -20*m(j) - 2*q(j). Let h(k) = k + 3. Let w be h(-3). Suppose w*t = t + 1. Determine c(t).
8
Let n = 13 - 10. Let r(m) = 23*m**2 + 5*m - 35*m**2 - m**n + 15*m**2. Calculate r(4).
4
Let k(v) = 5 + 129*v - 2 - 133*v + v**2. Give k(2).
-1
Let f(m) = 46*m**3 - 45*m**3 + 5*m**2 + 3 + 3 - 5*m. Let r(x) = x**3 - 3*x**2 - 2*x. Let w be r(3). Calculate f(w).
0
Let i(q) = -4*q + 2. Let m(d) = d. Suppose 3*z = 4*h - 13, -2*z + 5*h - 24 = -6*z. Let s(j) = z*i(j) + 5*m(j). What is s(-6)?
-4
Let s be 16/6*6/(-4). Let d(t) = t**3 + 4*t**2 + 3. Calculate d(s).
3
Let y(s) be the third derivative of s**4/12 - 31*s**2. Calculate y(1).
2
Let h be (-4)/(-3)*276/8. Let b(o) = 5*o**3 - 46 + h. Determine b(-1).
-5
Let s be 1/(-2)*(1 - -1). Let a(l) = -7*l**2 + 6*l - 6. Let m(t) = -t**2 + t - 1. Let q(z) = -a(z) + 6*m(z). Calculate q(s).
1
Let c = -17 + 23. Let k(g) = -4 + 1 + 2 - 4 + g. Calculate k(c).
1
Let g(i) = -2*i + 6. Let w(s) = -1. Let b(u) = g(u) + 2*w(u). What is b(3)?
-2
Let u(m) = -7*m**3 + 6*m**2 - 4*m - 1. Let q(b) = b**3 - 1. Let x(f) = 6*q(f) + u(f). Give x(5).
-2
Let c be (-33)/(-44) - (-9)/4. Let i be c/((-11)/(-2) - 4). Let s(r) = -3*r - 1. What is s(i)?
-7
Let p(o) = 0 - 2 + o + 5. Let t(n) = -n**3 + 4*n**2 - 2*n. Let q be t(2). Let h = 0 + q. What is p(h)?
7
Let i(f) = -7*f + 5. Let y(a) = 13*a - 9. Let j(h) = -11*i(h) - 6*y(h). Calculate j(-2).
1
Let t = -10 - -15. Let l(n) = -n**3 + 6*n**2 - 6*n + 6. Calculate l(t).
1
Suppose -3*v + 0 = 30. Let b(f) = f**3 + 9*f**2 - 11*f - 9. Let h be b(v). Let a(i) = 8*i**3 - i**2 + i. Give a(h).
8
Let t(a) be the third derivative of 1/12*a**4 + a**2 + 1/3*a**3 + 1/60*a**5 + 0*a + 0. What is t(-2)?
2
Let a be (-6)/33 - (-36)/(-44). Let m be (-2 + -2)*a/(-2). Let v(u) = -2*u. Calculate v(m).
4
Let r(h) = -h**2 - 7*h - 7. Suppose 0*b = 5*b - 20. Let p be 28*(5 - 3)/b. Let y be (7/p)/(2/(-24)). What is r(y)?
-1
Suppose 5*w - 22 = -2, -w = 4*x - 24. Suppose 4*d + 2*n = 10, x*d - 5*n + 18 = -7. Let c(o) = 2*o**3 - o**3 + 1 + d. Give c(0).
1
Let t(k) be the first derivative of -k**4/2 + k**3 - k**2/2 + k + 2. What is t(2)?
-5
Let x(u) = -u**2 + 2*u + 7. Let q be 1*(-3 + 2)*-5. Calculate x(q).
-8
Let f be (-1 + 3)/(1/2). Let j(k) = 4*k**2 + k**3 - 3 - f + 5. Suppose -1 = m - 3*l - 6, 0 = 2*m + 5*l + 23. Determine j(m).
-2
Let a(p) = p + 5. Let x(r) = 4 - 2*r**3 - 3*r**2 - r**2 + r**3 + 2*r. Let m be x(-3). Let u = m + 7. Give a(u).
1
Let h(n) be the third derivative of n**6/120 - n**5/60 - n**3/6 + n**2. Let i = 4 + -1. Suppose -m - i*o - 4 = 0, -3*m - o + 4 = -0*o. Give h(m).
3
Let n(x) = 5*x**3 - 3*x**2 - 4*x + 3. Let z(o) = o**3 - o**2. Let y(r) = n(r) - 6*z(r). What is y(3)?
-9
Let m(w) be the first derivative of -w**3/3 + 3*w - 1. What is m(3)?
-6
Let c be (-4 + 2)/(-2) - 1. Suppose c + 4 = 4*o. Let t(d) = -2*d**2 - 3*d. Let n(j) = -3*j**2 - 5*j. Let b(a) = 6*n(a) - 10*t(a). What is b(o)?
2
Let o = 19 - 13. Let c = -5 + o. Let t(b) = 2*b**3 + b**2 - 1. What is t(c)?
2
Suppose -4 = 4*i, 2*w - i + 5 = -0*w. Let a(g) = 2*g**2 + 4*g + 2. Give a(w).
8
Let s(x) = -x**2 - 2*x + 3. Let l(r) = -r**2 + 10*r + 6. Let i be l(9). Suppose 5*c = 2*z + 11, -3*c = -2*z - 2*z - i. Let g be (2/(-2))/(z/6). What is s(g)?
-5
Let j(o) be the second derivative of -o - 1/6*o**4 + 1/20*o**5 - 1/2*o**2 + 0 - 1/2*o**3. Let u = 25 - 22. Determine j(u).
-1
Suppose -2*q + 3 = -2*x - 1, -3*x + 22 = 4*q. Let r(w) = -x - w + 1 - w. Determine r(1).
-3
Let l(h) = 1. Let t(z) = -3*z - 5. Let f(g) = 4*g + 4. Let x(m) = -5*f(m) - 6*t(m). Let o be (2/(-4))/(32/64). Let v(c) = o*x(c) + 12*l(c). Determine v(4).
10
Let w = -11 - -8. Let m(g) = 14*g. Let r(l) = -5*l. Let k(d) = 4*m(d) + 11*r(d). Determine k(w).
-3
Let v be (3/5)/((-4)/(-20)). Let f(o) = -o**3 + 4*o**2 - 5*o + 2. Calculate f(v).
-4
Let s be (-5 + 6)/((-4)/(-24)). Let f(w) be the second derivative of -w**3/6 + 9*w**2/2 - w. Give f(s).
3
Let h(o) = o - 2. Let m = -2 + 4. Suppose m*v = -2*u + 10, -v + 29 = 5*u + 2*v. Suppose u*l = 3*l + 4. Determine h(l).
-1
Let z(r) = 0*r - 1 + 4*r - 2*r**2 - 3*r. Suppose 2*m - 1 = 3*m. Let g be m/(2/(1 + -5)). Determine z(g).
-7
Let g(d) = 2*d + 1. Let u(x) = -2*x - 2. Let a(j) = -3*g(j) - 4*u(j). Let k = -1 + -1. Let b be (-4)/(0 + (-1 - k)). Give a(b).
-3
Let q(s) = s**2 - 17*s + 18. Let x be q(16). Let y(z) = z**2 - 4*z + 3. Calculate y(x).
-1
Let r(n) be the third derivative of n**4/3 - n**3/6 + 8*n**2. What is r(1)?
7
Let g(d) = -d**3 - 5*d**2 - 4*d + 3. Let o(x) = -x**3 + 21*x**2 - 40*x + 33. Let l be o(19). Calculate g(l).
23
Let g(p) = -7*p - 3. Let u be (-3 - (-30)/5)/(-1). Give g(u).
18
Let j(y) = y. Let t be ((-4)/(-8))/(1/(-12)). Let g be (t*(-3)/(-6))/(-1). Suppose -2*a = g*a - 10. Determine j(a).
2
Let p(t) be the second derivative of t**3/6 + t**2/2 - 40*t. What is p(-3)?
-2
Let a(q) = q**3 + 7*q - 3 - 10*q - 1 + 2*q**2. Suppose -4*t - 5*l = -t - 11, -2*t - 22 = -4*l. What is a(t)?
-4
Let z(q) be the first derivative of q**5/60 + 7*q**4/24 + 5*q**2/2 - 3. Let n(t) be the second derivative of z(t). Calculate n(-6).
-6
Let c be -4*((-2)/(-4))/(-1). Let m(y) = 6*y**2 + 3*y - 7. Let v(t) = -2*t**2 - t + 2. Let z(g) = c*m(g) + 7*v(g). What is z(-2)?
-6
Let u(l) = l + 4 - 1 + 0*l + 4. Give u(-6).
1
Let w be 0/12 + 1 + -4. Let j(s) = -2*s**2 - 4*s - 1. Determine j(w).
-7
Let d(y) be the first derivative of -1/3*y**3 + 6*y + 3/2*y**2 + 4. Let b be (10/3)/(4/6). Calculate d(b).
-4
Let d(k) be the third derivative of -k**6/120 + k**5/15 + k**4/12 + k**3 +